{"id":207,"date":"2023-08-29T06:27:12","date_gmt":"2023-08-29T06:27:12","guid":{"rendered":"https:\/\/toenisvorster-hilfe.ponten-weber.de\/?page_id=207"},"modified":"2026-01-14T18:40:14","modified_gmt":"2026-01-14T18:40:14","slug":"termine","status":"publish","type":"page","link":"https:\/\/www.toenisvorster-hilfe.de\/?page_id=207","title":{"rendered":"Termine f\u00fcr 2026"},"content":{"rendered":"\n<p>Die Lebensmittelausgabe findet alle 14 Tage mittwochs ab 11:30 Uhr statt. Die genauen Termine (farblich gr\u00fcn unterlegt) k\u00f6nnen dem unten stehenden Kalender entnommen werden <a href=\"https:\/\/www.toenisvorster-hilfe.de\/wp-content\/uploads\/2023\/08\/termine2023.pdf\" data-type=\"attachment\" data-id=\"332\" target=\"_blank\" rel=\"noreferrer noopener\">(<\/a><a href=\"https:\/\/www.toenisvorster-hilfe.de\/wp-content\/uploads\/2026\/01\/Ausgabetermine-2026.pdf\" data-type=\"attachment\" data-id=\"422\" target=\"_blank\" rel=\"noreferrer noopener\">direkter Download<\/a><a href=\"https:\/\/www.toenisvorster-hilfe.de\/wp-content\/uploads\/2023\/08\/termine2023.pdf\" data-type=\"attachment\" data-id=\"332\" target=\"_blank\" rel=\"noreferrer noopener\">)<\/a>.<\/p>\n\n\n\n<p>Am Tag der Ausgabe sind die Kunden in verschiedene Gruppen (erkenntlich an der Farbe der Kundenkarte) eingeteilt. Die aktuelle Reihenfolge ist am Aushang der Containeranlage einsehbar, wobei die Reihenfolge regelm\u00e4\u00dfig wechselt um die Wartezeiten f\u00fcr alle zu reduzieren.<\/p>\n\n\n\n<p><strong>Ausgabe- und Registrierungstermine im Jahr 2026<\/strong>:<\/p>\n\n\n\n<figure class=\"wp-block-image size-large\"><a href=\"https:\/\/www.toenisvorster-hilfe.de\/wp-content\/uploads\/2026\/01\/Ausgabetermine-2026.pdf\" target=\"_blank\" rel=\" noreferrer noopener\"><img loading=\"lazy\" decoding=\"async\" width=\"1024\" height=\"425\" src=\"https:\/\/www.toenisvorster-hilfe.de\/wp-content\/uploads\/2026\/01\/Ausgabetermine-2026-1024x425.jpg\" alt=\"\" class=\"wp-image-601\" srcset=\"https:\/\/www.toenisvorster-hilfe.de\/wp-content\/uploads\/2026\/01\/Ausgabetermine-2026-1024x425.jpg 1024w, https:\/\/www.toenisvorster-hilfe.de\/wp-content\/uploads\/2026\/01\/Ausgabetermine-2026-300x125.jpg 300w, https:\/\/www.toenisvorster-hilfe.de\/wp-content\/uploads\/2026\/01\/Ausgabetermine-2026-768x319.jpg 768w, https:\/\/www.toenisvorster-hilfe.de\/wp-content\/uploads\/2026\/01\/Ausgabetermine-2026-1536x638.jpg 1536w, https:\/\/www.toenisvorster-hilfe.de\/wp-content\/uploads\/2026\/01\/Ausgabetermine-2026-2048x850.jpg 2048w\" sizes=\"auto, (max-width: 1024px) 100vw, 1024px\" \/><\/a><\/figure>\n","protected":false},"excerpt":{"rendered":"<p>Die Lebensmittelausgabe findet alle 14 Tage mittwochs ab 11:30 Uhr statt. Die genauen Termine (farblich gr\u00fcn unterlegt) k\u00f6nnen dem unten stehenden Kalender entnommen werden (direkter Download). Am Tag der Ausgabe<\/p>\n","protected":false},"author":1,"featured_media":312,"parent":0,"menu_order":0,"comment_status":"closed","ping_status":"closed","template":"","meta":{"footnotes":""},"class_list":["post-207","page","type-page","status-publish","has-post-thumbnail","hentry"],"_links":{"self":[{"href":"https:\/\/www.toenisvorster-hilfe.de\/index.php?rest_route=\/wp\/v2\/pages\/207","targetHints":{"allow":["GET"]}}],"collection":[{"href":"https:\/\/www.toenisvorster-hilfe.de\/index.php?rest_route=\/wp\/v2\/pages"}],"about":[{"href":"https:\/\/www.toenisvorster-hilfe.de\/index.php?rest_route=\/wp\/v2\/types\/page"}],"author":[{"embeddable":true,"href":"https:\/\/www.toenisvorster-hilfe.de\/index.php?rest_route=\/wp\/v2\/users\/1"}],"replies":[{"embeddable":true,"href":"https:\/\/www.toenisvorster-hilfe.de\/index.php?rest_route=%2Fwp%2Fv2%2Fcomments&post=207"}],"version-history":[{"count":20,"href":"https:\/\/www.toenisvorster-hilfe.de\/index.php?rest_route=\/wp\/v2\/pages\/207\/revisions"}],"predecessor-version":[{"id":604,"href":"https:\/\/www.toenisvorster-hilfe.de\/index.php?rest_route=\/wp\/v2\/pages\/207\/revisions\/604"}],"wp:featuredmedia":[{"embeddable":true,"href":"https:\/\/www.toenisvorster-hilfe.de\/index.php?rest_route=\/wp\/v2\/media\/312"}],"wp:attachment":[{"href":"https:\/\/www.toenisvorster-hilfe.de\/index.php?rest_route=%2Fwp%2Fv2%2Fmedia&parent=207"}],"curies":[{"name":"wp","href":"https:\/\/api.w.org\/{rel}","templated":true}]}}