{"id":357,"date":"2024-01-03T13:39:06","date_gmt":"2024-01-03T13:39:06","guid":{"rendered":"https:\/\/toenisvorster-hilfe.ponten-weber.de\/?page_id=357"},"modified":"2024-01-03T14:14:18","modified_gmt":"2024-01-03T14:14:18","slug":"willkommen","status":"publish","type":"page","link":"https:\/\/www.toenisvorster-hilfe.de\/","title":{"rendered":"Herzlich Willkommen bei der T\u00f6nisvorster Hilfe e.V."},"content":{"rendered":"<div class=\"wp-block-image\">\n<figure class=\"alignright size-full\"><img loading=\"lazy\" decoding=\"async\" width=\"253\" height=\"240\" src=\"https:\/\/www.toenisvorster-hilfe.de\/wp-content\/uploads\/2024\/01\/logo.jpg\" alt=\"\" class=\"wp-image-383\"\/><\/figure>\n<\/div>\n\n\n<p>Wir freuen uns, dass Sie sich \u00fcber die Arbeit der T\u00f6nisvorster Hilfe e.V. informieren m\u00f6chten. Der Schwerpunkt der T\u00e4tigkeit des Vereins ist das Sammeln und die Ausgabe von Lebensmitteln f\u00fcr bed\u00fcrftige Menschen in T\u00f6nisvorst.<br><br>Wie wir das machen, wer uns dabei hilft und wie Sie uns unterst\u00fctzen k\u00f6nnen, erfahren Sie auf den folgenden Seiten.<\/p>\n","protected":false},"excerpt":{"rendered":"<p>Wir freuen uns, dass Sie sich \u00fcber die Arbeit der T\u00f6nisvorster Hilfe e.V. informieren m\u00f6chten. Der Schwerpunkt der T\u00e4tigkeit des Vereins ist das Sammeln und die Ausgabe von Lebensmitteln f\u00fcr<\/p>\n","protected":false},"author":1,"featured_media":0,"parent":0,"menu_order":0,"comment_status":"closed","ping_status":"closed","template":"","meta":{"footnotes":""},"class_list":["post-357","page","type-page","status-publish","hentry"],"_links":{"self":[{"href":"https:\/\/www.toenisvorster-hilfe.de\/index.php?rest_route=\/wp\/v2\/pages\/357","targetHints":{"allow":["GET"]}}],"collection":[{"href":"https:\/\/www.toenisvorster-hilfe.de\/index.php?rest_route=\/wp\/v2\/pages"}],"about":[{"href":"https:\/\/www.toenisvorster-hilfe.de\/index.php?rest_route=\/wp\/v2\/types\/page"}],"author":[{"embeddable":true,"href":"https:\/\/www.toenisvorster-hilfe.de\/index.php?rest_route=\/wp\/v2\/users\/1"}],"replies":[{"embeddable":true,"href":"https:\/\/www.toenisvorster-hilfe.de\/index.php?rest_route=%2Fwp%2Fv2%2Fcomments&post=357"}],"version-history":[{"count":3,"href":"https:\/\/www.toenisvorster-hilfe.de\/index.php?rest_route=\/wp\/v2\/pages\/357\/revisions"}],"predecessor-version":[{"id":388,"href":"https:\/\/www.toenisvorster-hilfe.de\/index.php?rest_route=\/wp\/v2\/pages\/357\/revisions\/388"}],"wp:attachment":[{"href":"https:\/\/www.toenisvorster-hilfe.de\/index.php?rest_route=%2Fwp%2Fv2%2Fmedia&parent=357"}],"curies":[{"name":"wp","href":"https:\/\/api.w.org\/{rel}","templated":true}]}}